{"id":15,"date":"2026-03-01T20:09:11","date_gmt":"2026-03-01T20:09:11","guid":{"rendered":"https:\/\/rfmdadvogados.pt\/?page_id=15"},"modified":"2026-03-04T23:09:44","modified_gmt":"2026-03-04T23:09:44","slug":"estamos-em-construcao","status":"publish","type":"page","link":"https:\/\/rfmdadvogados.pt\/","title":{"rendered":"Estamos em Constru\u00e7\u00e3o"},"content":{"rendered":"\t\t<div data-elementor-type=\"wp-page\" data-elementor-id=\"15\" class=\"elementor elementor-15\">\n\t\t\t\t<div class=\"elementor-element elementor-element-1b6640d e-flex e-con-boxed e-con e-parent\" data-id=\"1b6640d\" data-element_type=\"container\" data-e-type=\"container\">\n\t\t\t\t\t<div class=\"e-con-inner\">\n\t\t<div class=\"elementor-element elementor-element-4c618e1 e-con-full e-flex e-con e-child\" data-id=\"4c618e1\" data-element_type=\"container\" data-e-type=\"container\">\n\t\t\t\t<\/div>\n\t\t<div class=\"elementor-element elementor-element-b7a6baf e-con-full e-flex e-con e-child\" data-id=\"b7a6baf\" data-element_type=\"container\" data-e-type=\"container\">\n\t\t<div class=\"elementor-element elementor-element-8428de3 e-con-full e-flex e-con e-child\" data-id=\"8428de3\" data-element_type=\"container\" data-e-type=\"container\">\n\t\t\t\t<div class=\"elementor-element elementor-element-60ecd1d elementor-widget elementor-widget-spacer\" data-id=\"60ecd1d\" data-element_type=\"widget\" data-e-type=\"widget\" data-widget_type=\"spacer.default\">\n\t\t\t\t\t\t\t<div class=\"elementor-spacer\">\n\t\t\t<div class=\"elementor-spacer-inner\"><\/div>\n\t\t<\/div>\n\t\t\t\t\t\t<\/div>\n\t\t\t\t<div class=\"elementor-element elementor-element-34a2403 elementor-widget__width-initial elementor-widget elementor-widget-heading\" data-id=\"34a2403\" data-element_type=\"widget\" data-e-type=\"widget\" data-widget_type=\"heading.default\">\n\t\t\t\t\t<h2 class=\"elementor-heading-title elementor-size-default\"><blockquote data-start=\"187\" data-end=\"337\"><p data-start=\"189\" data-end=\"337\">O website encontra-se em desenvolvimento.<\/p><\/blockquote><\/h2>\t\t\t\t<\/div>\n\t\t\t\t<div class=\"elementor-element elementor-element-d21a5a8 elementor-widget elementor-widget-spacer\" data-id=\"d21a5a8\" data-element_type=\"widget\" data-e-type=\"widget\" data-widget_type=\"spacer.default\">\n\t\t\t\t\t\t\t<div class=\"elementor-spacer\">\n\t\t\t<div class=\"elementor-spacer-inner\"><\/div>\n\t\t<\/div>\n\t\t\t\t\t\t<\/div>\n\t\t\t\t<\/div>\n\t\t<div class=\"elementor-element elementor-element-da0443d e-con-full e-flex e-con e-child\" data-id=\"da0443d\" data-element_type=\"container\" data-e-type=\"container\" data-settings=\"{&quot;background_background&quot;:&quot;classic&quot;}\">\n\t\t\t\t<div class=\"elementor-element elementor-element-d91e329 elementor-widget__width-initial elementor-widget elementor-widget-heading\" data-id=\"d91e329\" data-element_type=\"widget\" data-e-type=\"widget\" data-widget_type=\"heading.default\">\n\t\t\t\t\t<h2 class=\"elementor-heading-title elementor-size-default\"><blockquote data-start=\"187\" data-end=\"337\"><p data-start=\"189\" data-end=\"337\">Em breve toda a informa\u00e7\u00e3o sobre o nosso escrit\u00f3rio estar\u00e1 dispon\u00edvel.<\/p><\/blockquote><\/h2>\t\t\t\t<\/div>\n\t\t\t\t<\/div>\n\t\t\t\t<\/div>\n\t\t\t\t\t<\/div>\n\t\t\t\t<\/div>\n\t\t<div class=\"elementor-element elementor-element-37f0c02 e-flex e-con-boxed e-con e-parent\" data-id=\"37f0c02\" data-element_type=\"container\" data-e-type=\"container\">\n\t\t\t\t\t<div class=\"e-con-inner\">\n\t\t\t\t\t<\/div>\n\t\t\t\t<\/div>\n\t\t\t\t<\/div>\n\t\t","protected":false},"excerpt":{"rendered":"<p>O website encontra-se em desenvolvimento. Em breve toda a informa\u00e7\u00e3o sobre o nosso escrit\u00f3rio estar\u00e1 dispon\u00edvel.<\/p>\n","protected":false},"author":1,"featured_media":0,"parent":0,"menu_order":0,"comment_status":"closed","ping_status":"closed","template":"elementor_canvas","meta":{"footnotes":""},"class_list":["post-15","page","type-page","status-publish","hentry"],"_links":{"self":[{"href":"https:\/\/rfmdadvogados.pt\/index.php\/wp-json\/wp\/v2\/pages\/15","targetHints":{"allow":["GET"]}}],"collection":[{"href":"https:\/\/rfmdadvogados.pt\/index.php\/wp-json\/wp\/v2\/pages"}],"about":[{"href":"https:\/\/rfmdadvogados.pt\/index.php\/wp-json\/wp\/v2\/types\/page"}],"author":[{"embeddable":true,"href":"https:\/\/rfmdadvogados.pt\/index.php\/wp-json\/wp\/v2\/users\/1"}],"replies":[{"embeddable":true,"href":"https:\/\/rfmdadvogados.pt\/index.php\/wp-json\/wp\/v2\/comments?post=15"}],"version-history":[{"count":31,"href":"https:\/\/rfmdadvogados.pt\/index.php\/wp-json\/wp\/v2\/pages\/15\/revisions"}],"predecessor-version":[{"id":54,"href":"https:\/\/rfmdadvogados.pt\/index.php\/wp-json\/wp\/v2\/pages\/15\/revisions\/54"}],"wp:attachment":[{"href":"https:\/\/rfmdadvogados.pt\/index.php\/wp-json\/wp\/v2\/media?parent=15"}],"curies":[{"name":"wp","href":"https:\/\/api.w.org\/{rel}","templated":true}]}}